he highest common divisor of 8 and g?
8
Let d(p) = -p + 29. Suppose 4*n = 15 + 5. Let j be d(n). What is the greatest common factor of 32 and j?
8
Let o be 2772/(-176)*16/(-3). What is the highest common factor of 42 and o?
42
Suppose 1725 = 13*f - 2799. What is the highest common divisor of f and 204?
12
Let s = -6 - -9. Let z be (-1)/3 - (-145)/s. Suppose r - 3*h = -3, -3*r - 3*h = -h - 46. What is the greatest common divisor of z and r?
12
Suppose -5*h - 4*f + 25 = 0, -3*f = -f. Suppose l + c - 152 = 0, 4*l + 2*c = -l + 772. Suppose -h*a = -a - l. Calculate the greatest common factor of a and 13.
13
Suppose 0 = g - 2*q - 126, 253 = 3*g + 2*q - 85. Calculate the greatest common factor of g and 8.
4
Let j(y) = 3*y**2 - 5*y + 16. Let w be j(16). Calculate the greatest common factor of w and 44.
44
Let m = -81 - -86. Suppose -158 = -m*r - 4*p, -25 - 11 = -r - 3*p. Let n = -21 - -33. What is the highest common factor of n and r?
6
Let f(t) = -5*t. Let q be f(-1). Suppose 4*a - 177 = 3*w, -a + 3*a = -q*w + 121. Calculate the greatest common factor of a and 8.
8
Let v = -471 + 483. Calculate the highest common factor of v and 54.
6
Suppose 12*s = -0 - 24. Let y be s - -9 - 12/4. Calculate the greatest common factor of y and 20.
4
Suppose -m + 208 = b, 5*m = 3*b - 6*b + 1042. Calculate the highest common factor of m and 22.
11
Let n(c) = 2*c - 3. Let o be n(6). Let q be (-241)/(-3) + (-15)/(180/(-8)). What is the greatest common factor of q and o?
9
Let v = 2255 - 1223. Calculate the highest common divisor of 48 and v.
24
Suppose 5*o + 182 - 542 = 3*l, -2*o = 4*l - 170. Calculate the greatest common factor of 50 and o.
25
Let u = 82 - 47. Let b = u - -25. Calculate the greatest common factor of b and 15.
15
Let f(t) = -11*t - 1. Let u be f(-3). Let m(b) = -17*b + 1. Let g be m(-1). Let i = g - 10. What is the greatest common divisor of u and i?
8
Suppose -5*m - 3 = -43. Let x = -197 + 285. What is the greatest common divisor of m and x?
8
Let l be (1 - -3 - 3) + -53. Let c = -41 - l. What is the highest common divisor of c and 11?
11
Let g = -299 + 308. Let w(p) = 2*p**2 + 6*p + 1. Let m be w(-4). Calculate the greatest common divisor of g and m.
9
Let a(o) = -30*o**2 + 3*o - 1. Let m be a(3). Let c = 367 + m. What is the greatest common factor of 35 and c?
35
Let g be 2/10 - 11/5. Suppose -18*k = -13*k - 90. Let u be (12/(-9))/(g/k). What is the greatest common factor of 3 and u?
3
Let h(y) = 4*y**2 - 2*y + 3. Let l be h(2). Suppose 68*k - 63*k = l. What is the highest common divisor of 24 and k?
3
Let q(h) = 2*h**3 - 2*h**2 - 17*h + 51. Let w be q(3). Calculate the greatest common factor of w and 63.
9
Let q be (-4 + 0)*1265/(-20). Calculate the highest common divisor of 11 and q.
11
Let y = -1924 + 2029. What is the highest common factor of y and 1400?
35
Let s be (1 - 3)*-48 - (6 + -5). What is the greatest common divisor of s and 38?
19
Let l = -47 + 33. Let j be 1/((l/24)/(-7)). Let b(f) = -2*f + 2. Let a be b(0). What is the greatest common factor of a and j?
2
Let t(k) = -3*k + 23. Let w be t(-7). Suppose 168 = -41*v + w*v. What is the greatest common divisor of v and 28?
28
Let u be (9/18)/(3/42). Suppose -u*k + 195 = -120. What is the highest common factor of 5 and k?
5
Let m(x) = 27*x**2 - 2*x - 1. Let s be m(-1). Suppose 0 = -y + 4*d + 4 - 0, 4*d - s = -y. What is the highest common factor of 8 and y?
8
Let m(x) = -3*x + 4. Let n be m(-12). Calculate the highest common divisor of 20 and n.
20
Suppose -4*m + 363 = -177. Let n = 165 - m. What is the greatest common factor of 12 and n?
6
Suppose -5*o = -3*j - 53, 4*j = -4*o - 0*o + 68. Calculate the highest common divisor of o and 650.
13
Let b(r) = -3*r - 1. Suppose p = -4*p - 90. Let n = p - -16. Let d be b(n). What is the greatest common divisor of 1 and d?
1
Let a(x) = 2*x**2 + 3*x + 7. Let d be a(5). What is the greatest common divisor of 54 and d?
18
Let a be (-504)/(-16)*(0 - -4). Let w = a + -54. Suppose -6 + 0 = -2*z - 4*o, 5*o - 30 = -5*z. Calculate the greatest common divisor of w and z.
9
Let i = -208 + 318. What is the highest common divisor of 30 and i?
10
Let r = -326 + 645. Suppose 3*b - 6*n - 20 = -2*n, b = 4*n + 12. Suppose -s - b*s + 145 = 0. Calculate the greatest common factor of s and r.
29
Suppose 0 = 3*w - 0*w + a - 58, 0 = -w - 4*a + 12. Calculate the highest common factor of w and 150.
10
Let c(d) = 3*d**2 + d. Let a be c(-1). Calculate the greatest common divisor of 20 and a.
2
Suppose -50*k = -53*k - 3*y + 309, 5*y - 25 = 0. What is the greatest common divisor of 2 and k?
2
Suppose -2*d = -0*d - 12. Suppose -4*a + d - 23 = -5*f, 4*f - 22 = -a. Let t(c) = c**3 - c + 6. Let s be t(0). What is the greatest common divisor of a and s?
2
Let x(z) = z**3 - 18*z**2 + 66*z + 3. Let r be x(4). Calculate the highest common divisor of r and 2021.
43
Suppose 5*f - 62 = 98. Let z be -3 - 0 - (-4 + 18). Let j = f + z. Calculate the highest common divisor of j and 120.
15
Suppose -k - 5*u + 214 = 0, -7 = 4*u - 3. What is the greatest common divisor of 3 and k?
3
Let r(j) = j**2 - 113*j + 2226. Let b be r(88). Let l be (-2)/(-7) + 3272/14. What is the highest common divisor of l and b?
26
Let v = 7 + 5. What is the highest common divisor of 96 and v?
12
Let x be 0 + 7 + 1/(-1). Suppose -x + 0 = i. Let u be (-79)/i + 2/(-12). Calculate the greatest common divisor of 39 and u.
13
Let z be 1/(-6 + 7)*(-1 - -260). What is the greatest common divisor of z and 7?
7
Let q(r) = 7*r**2 - 4*r - 39. Let z be q(8). What is the highest common divisor of 29 and z?
29
Let i be 0 - 4/(-18) - (-1020691)/2709. What is the highest common divisor of i and 26?
13
Let x(s) = 5*s**2 + 19*s - 4. Let w be x(-7). Suppose -3*n = -n - 54. What is the greatest common divisor of w and n?
27
Let n = 58 + -2. Let h be 9/2*8960/288. What is the highest common divisor of h and n?
28
Let a(w) = 8*w - 10. Let q be a(2). Let j = q + 7. Suppose -4*l = -238 - 22. Calculate the greatest common divisor of j and l.
13
Suppose 24*k = 106 + 158. What is the highest common factor of k and 297?
11
Let p(b) = 2*b**2 + 48*b**3 - 100*b**3 + 6 + 51*b**3 + 8*b. Let j be p(4). What is the highest common divisor of j and 24?
6
Let x(b) = -2*b**3 - 14*b**2 - 5*b - 16. Let v be x(-7). Calculate the highest common factor of v and 19.
19
Let t(v) = v**3 - 9*v**2 + 48*v + 14. Let l be t(10). Calculate the highest common divisor of l and 22.
22
Let p be ((-2)/(-4))/((-6)/(-72)). Let a be -16*1*(-3)/p. Calculate the highest common factor of a and 16.
8
Let d(l) be the second derivative of l**5/20 - 7*l**4/12 - 2*l**3/3 - 9*l**2/2 + 5*l. Let q be d(8). Calculate the greatest common factor of q and 69.
23
Let d = 701 + -613. What is the greatest common factor of d and 220?
44
Let k = -11 + 21. Suppose 0 = -5*r - i - 5, -5*r - 2*i - 20 = -4*i. Let z(l) = -2*l + 1. Let u be z(r). What is the highest common divisor of u and k?
5
Let t = 1619 + -563. Calculate the greatest common divisor of t and 96.
96
Let m = 16 + -16. Let h be (-3 - m)/(6/(-42)). What is the highest common factor of 3 and h?
3
Suppose -5*a = -4*i + 19, 3*i - i - 3*a = 9. Let p be i/(-27) - (-47)/9. Let k be 717/13 - 6/39. What is the highest common divisor of p and k?
5
Let c = 2 - -4. Let b be (-15)/c*3*-12. Let g = -17 + 35. What is the highest common factor of g and b?
18
Let i(b) = -2*b**2 - 59*b - 203. Let y be i(-25). Suppose 2*p - 7*p = -15. Let n be ((-22)/3)/(p/(-9)). Calculate the greatest common factor of n and y.
22
Let j be 200/30 + (4/3)/4. Let i be 595/10*4/j. What is the highest common divisor of i and 17?
17
Suppose -4 = -5*y + 3*y, 4*y - 83 = -5*z. Let v = -638 + 999. Let j = -241 + v. What is the greatest common divisor of z and j?
15
Let v be (1*(-6 + 5))/((-1)/6). Let o be (v/8)/(3/120). What is the greatest common factor of o and 6?
6
Let m = 446 - 335. What is the highest common factor of m and 925?
37
Let j(y) = -y**2 + 11*y - 4. Let r be j(7). Let i(s) = 48*s - 24. Suppose 0 = 4*p + 6 - 30. Let m be i(p). Calculate the greatest common factor of m and r.
24
Let a = -874 + 1186. Calculate the highest common factor of 48 and a.
24
Let j be ((-4 - -2) + -17)*-35. What is the greatest common factor of j and 190?
95
Let y(a) = -10*a + 8. Let h be y(2